469
What are the prime factors of 782957454?
2, 3, 101, 1292009
What are the prime factors of 127317294?
2, 3, 13, 349, 1559
List the prime factors of 265677212.
2, 41, 1619983
List the prime factors of 187054954.
2, 93527477
What are the prime factors of 43039852?
2, 17, 632939
What are the prime factors of 9215294?
2, 11, 37, 11321
List the prime factors of 428918882.
2, 7, 19, 1612477
What are the prime factors of 96358632?
2, 3, 1201, 3343
List the prime factors of 22553865.
3, 5, 501197
What are the prime factors of 5591214?
2, 3, 47, 2203
List the prime factors of 1394844146.
2, 29, 1279, 18803
What are the prime factors of 357541667?
7, 29, 1761289
List the prime factors of 1485623358.
2, 3, 82534631
What are the prime factors of 35362249?
13, 19, 61, 2347
List the prime factors of 271629872.
2, 1013, 16759
List the prime factors of 19848038.
2, 7, 28933
List the prime factors of 35984130.
2, 3, 5, 7, 13, 269
List the prime factors of 1015843386.
2, 3, 257, 658783
List the prime factors of 3833363615.
5, 251, 743, 4111
List the prime factors of 1332962498.
2, 7, 373, 255259
What are the prime factors of 10149062?
2, 7, 11, 59, 1117
List the prime factors of 183584914.
2, 31, 47, 251
What are the prime factors of 154471434?
2, 3, 13, 71, 27893
List the prime factors of 3416119770.
2, 3, 5, 7, 53, 163, 269
What are the prime factors of 57989264?
2, 383, 9463
What are the prime factors of 149709968?
2, 19, 492467
List the prime factors of 197465459.
3821, 51679
What are the prime factors of 1455954832?
2, 23, 61, 79, 821
List the prime factors of 56366225.
5, 2254649
List the prime factors of 325316885.
5, 131, 311, 1597
List the prime factors of 51709695.
3, 5, 3447313
What are the prime factors of 97348768?
2, 11, 347, 797
List the prime factors of 2642239997.
19, 139065263
What are the prime factors of 2922835655?
5, 584567131
What are the prime factors of 277807936?
2, 7, 29, 21383
What are the prime factors of 45103193?
17, 167, 15887
What are the prime factors of 21098234?
2, 613, 17209
List the prime factors of 62597691.
3, 13, 59447
What are the prime factors of 358032486?
2, 3, 7, 107, 79669
What are the prime factors of 279106366?
2, 7, 11, 1812379
List the prime factors of 115193688.
2, 3, 149, 32213
List the prime factors of 94123531.
29, 557, 5827
What are the prime factors of 245665672?
2, 7, 4386887
List the prime factors of 4456890926.
2, 29, 76842947
List the prime factors of 555501176.
2, 19, 43, 84991
List the prime factors of 226973.
59, 3847
What are the prime factors of 20782719?
3, 271, 8521
What are the prime factors of 382061034?
2, 3, 21225613
What are the prime factors of 937960613?
937960613
What are the prime factors of 45350051?
45350051
List the prime factors of 388433109.
3, 10369, 12487
List the prime factors of 30642001.
13, 2357077
What are the prime factors of 95833043?
95833043
List the prime factors of 59108275.
5, 23, 102797
List the prime factors of 282781174.
2, 13, 10876199
List the prime factors of 511113977.
11, 46464907
List the prime factors of 154640211.
3, 11, 17, 275651
List the prime factors of 1456549383.
3, 191, 383, 6637
What are the prime factors of 353536026?
2, 3, 233, 252887
What are the prime factors of 26457561?
3, 13, 226133
What are the prime factors of 259263577?
259263577
What are the prime factors of 1584757319?
1584757319
What are the prime factors of 88902859?
1439, 61781
What are the prime factors of 24707359?
23, 439, 2447
What are the prime factors of 1498252951?
13, 37, 3114871
List the prime factors of 9640540.
2, 5, 7, 13, 5297
What are the prime factors of 16230820?
2, 5, 73, 11117
What are the prime factors of 39922345?
5, 173, 46153
What are the prime factors of 71586786?
2, 3, 37, 322463
What are the prime factors of 90742079?
5711, 15889
What are the prime factors of 266632635?
3, 5, 41, 433549
List the prime factors of 235387293.
3, 78462431
What are the prime factors of 680943718?
2, 7, 13, 3741449
List the prime factors of 51829266.
2, 3, 967, 8933
What are the prime factors of 23199215?
5, 13, 61, 5851
What are the prime factors of 1446346926?
2, 3, 80352607
What are the prime factors of 27982823?
11, 281, 823
List the prime factors of 552490922.
2, 17, 47, 345739
What are the prime factors of 52787135?
5, 197, 53591
What are the prime factors of 125250910?
2, 5, 1979, 6329
What are the prime factors of 1433594851?
13, 367, 300481
What are the prime factors of 795231730?
2, 5, 79523173
List the prime factors of 52585070.
2, 5, 1559, 3373
What are the prime factors of 4756385221?
7, 859, 791017
What are the prime factors of 61032521?
11, 31, 53, 307
What are the prime factors of 32782438?
2, 13, 31, 89, 457
List the prime factors of 2307950844.
2, 3, 41, 4690957
What are the prime factors of 295160387?
295160387
List the prime factors of 47970418.
2, 1259, 19051
What are the prime factors of 3732606346?
2, 7, 266614739
List the prime factors of 524543983.
524543983
List the prime factors of 339511837.
7, 6928813
List the prime factors of 955987771.
25037, 38183
What are the prime factors of 936896025?
3, 5, 13, 587, 1637
What are the prime factors of 139952986?
2, 113, 619261
List the prime factors of 184084540.
2, 5, 19, 71, 6823
What are the prime factors of 794916963?
3, 43, 684683
List the prime factors of 1728804629.
1728804629
List the prime factors of 1191593639.
71, 2039, 8231
List the prime factors of 2667824544.
2, 3, 7, 11, 360907
What are the prime factors of 372880675?
5, 509, 29303
List the prime factors of 2865989224.
2, 7, 7311197
What are the prime factors of 46244195?
5, 19, 486781
List the prime factors of 294346909.
2221, 132529
List the prime factors of 1890175402.
2, 61, 3169, 4889
List the prime factors of 349978210.
2, 5, 34997821
What are the prime factors of 4082320436?
2, 31, 32921939
List the prime factors of 211080359.
7, 4231, 7127
List the prime factors of 1329348938.
2, 223, 547, 5449
What are the prime factors of 54585598?
2, 29, 941131
What are the prime factors of 677299094?
2, 15443, 21929
List the prime factors of 402866052.
2, 3, 613, 54767
List the prime factors of 1488340218.
2, 3, 157, 1579979
List the prime factors of 1648008529.
19, 3613, 24007
What are the prime factors of 538282666?
2, 61, 71, 62143
List the prime factors of 1003756489.
1003756489
What are the prime factors of 4143501222?
2, 3, 7, 17, 1543, 3761
What are the prime factors of 32404042?
2, 11, 293, 457
List the prime factors of 139506160.
2, 5, 1743827
List the prime factors of 126489314.
2, 7, 47, 192233
List the prime factors of 192648234.
2, 3, 383, 83833
What are the prime factors of 118366929?
3, 523, 25147
List the prime factors of 77602777.
7, 389, 28499
What are the prime factors of 166901618?
2, 13, 6419293
List the prime factors of 1957721279.
101, 19383379
List the prime factors of 836076057.
3, 19, 89, 164809
List the prime factors of 425736639.
3, 127, 372473
List the prime factors of 58260332.
2, 13, 1120391
List the prime factors of 8130306979.
479, 16973501
What are the prime factors of 5879550?
2, 3, 5, 19, 2063
What are the prime factors of 163767813?
3, 11, 109, 4139
What are the prime factors of 487346402?
2, 23, 1567, 6761
What are the prime factors of 19996200?
2, 3, 5, 7, 23
What are the prime factors of 433376240?
2, 5, 11, 17, 59, 491
What are the prime factors of 2138303862?
2, 3, 118794659
List the prime factors of 213307397.
5737, 37181
List the prime factors of 1814449529.
73, 24855473
What are the prime factors of 1906552388?
2, 13, 73, 421, 1193
List the prime factors of 3967419.
3, 167, 7919
What are the prime factors of 1201948690?
2, 5, 120194869
What are the prime factors of 358225315?
5, 7, 10235009
What are the prime factors of 90978807?
3, 1499, 20231
List the prime factors of 391786762.
2, 739, 265079
What are the prime factors of 5321070?
2, 3, 5, 59123
What are the prime factors of 1863164538?
2, 3, 17, 151, 13441
List the prime factors of 216016436.
2, 7103, 7603
List the prime factors of 161952468.
2, 3, 881, 15319
What are the prime factors of 97721393?
7, 11, 31, 40939
What are the prime factors of 154358955?
3, 5, 67, 51197
What are the prime factors of 106493907?
3, 13, 53, 51521
What are the prime fa